{"id":30,"date":"2025-02-13T16:16:41","date_gmt":"2025-02-13T16:16:41","guid":{"rendered":"https:\/\/bnzpiz.hr\/?page_id=30"},"modified":"2025-03-03T17:32:43","modified_gmt":"2025-03-03T16:32:43","slug":"pocetna","status":"publish","type":"page","link":"https:\/\/bnzpiz.hr\/","title":{"rendered":"O nama"},"content":{"rendered":"\n<p>Udruga je osnovana 2011. godine, a djeluje i radi od 2012. na podru\u010dju grada Pule i okolice. Od 2020. djelovanje se pro\u0161iruje na cijelu Istarsku \u017eupaniju, udruga od grada dobiva novi prostor na&nbsp; adresi Koparska 58, Pula i mijenja naziv u Bo\u0161nja\u010dka nacionalna zajednica Pule i Istarske \u017eupanije. Cilj udruge je uva\u017eavanje, za\u0161tita i afirmacija nacionalnih prava bo\u0161njaka i drugih temeljnih prava i sloboda \u010dovjeka i&nbsp;gra\u0111anina. O\u010duvanje nacionalnog identiteta bo\u0161njaka, putem \u0161irenja i gajenja kulture, jezika i ostalih vrednota bo\u0161nja\u010dkog naroda.&nbsp;Kvalitetno integriranje bo\u0161njaka u sveukupni dru\u0161tveni i politi\u010dki \u017eivot sredine u kojoj \u017eive i djeluju.O\u010duvanje i razvoj dobrih odnosa s hrvatskim narodom i ostalim nacionalnim manjinama.<\/p>\n\n\n\n<p>Razvijamo odnose sa srodnim ili sli\u010dnim , kao i s odgovaraju\u0107im institucijama na podru\u010dju grada Pule, \u017eupanije istarske i&nbsp;Republike Hrvatske.<\/p>\n\n\n\n<p>Pru\u017eamo i konkretnu savjetodavnu pomo\u0107 pripadnicima bo\u0161nja\u010dke nacionalnosti kako bi se \u0161to uspje\u0161nije integrirali u sredinu u kojoj \u017eive i djeluju. Promi\u010demo multikulturalnost kao jedan neodvojiv na\u010din suvremenog \u017eivota.<\/p>\n\n\n\n<p>Organizacija bo\u0161nja\u010dkih i bajramskih sijela, obilje\u017eavanje zna\u010dajnih datuma i obljetnica, organizacija manifestacije &#8220;susreti&nbsp;bo\u0161njaka jugoisto\u010dne europe&#8221;, te nositelj organizacije mimohoda na ulicama i trgovima Pule i istarske \u017eupanije.<\/p>\n\n\n\n<p>Predsjednica udruge: Almira Raimovi\u0107<\/p>\n\n\n\n<div style=\"height:49px\" aria-hidden=\"true\" class=\"wp-block-spacer\"><\/div>\n\n\n\n<figure class=\"wp-block-image size-full is-resized\"><img loading=\"lazy\" decoding=\"async\" width=\"500\" height=\"500\" src=\"https:\/\/bnzpiz.hr\/wp-content\/uploads\/2025\/03\/logo2.2.jpg\" alt=\"\" class=\"wp-image-100\" style=\"width:629px;height:auto\" srcset=\"https:\/\/bnzpiz.hr\/wp-content\/uploads\/2025\/03\/logo2.2.jpg 500w, https:\/\/bnzpiz.hr\/wp-content\/uploads\/2025\/03\/logo2.2-300x300.jpg 300w, https:\/\/bnzpiz.hr\/wp-content\/uploads\/2025\/03\/logo2.2-150x150.jpg 150w, https:\/\/bnzpiz.hr\/wp-content\/uploads\/2025\/03\/logo2.2-250x250.jpg 250w\" sizes=\"auto, (max-width: 500px) 100vw, 500px\" \/><\/figure>\n","protected":false},"excerpt":{"rendered":"<p>Udruga je osnovana 2011. godine, a djeluje i radi od 2012. na podru\u010dju grada Pule i okolice. Od 2020. djelovanje se pro\u0161iruje na cijelu Istarsku \u017eupaniju, udruga od grada dobiva novi prostor na&nbsp; adresi Koparska 58, Pula i mijenja naziv u Bo\u0161nja\u010dka nacionalna zajednica Pule i Istarske \u017eupanije. Cilj udruge je uva\u017eavanje, za\u0161tita i afirmacija [&hellip;]<\/p>\n","protected":false},"author":1,"featured_media":0,"parent":0,"menu_order":0,"comment_status":"closed","ping_status":"closed","template":"","meta":{"pgc_sgb_lightbox_settings":"","footnotes":""},"class_list":["post-30","page","type-page","status-publish","hentry","post-preview"],"yoast_head":"<!-- This site is optimized with the Yoast SEO plugin v24.7 - https:\/\/yoast.com\/wordpress\/plugins\/seo\/ -->\n<title>O nama - Bo\u0161nja\u010dka nacionalna zajednica Pule i Istarske \u017eupanije<\/title>\n<meta name=\"robots\" content=\"index, follow, max-snippet:-1, max-image-preview:large, max-video-preview:-1\" \/>\n<link rel=\"canonical\" href=\"https:\/\/bnzpiz.hr\/\" \/>\n<meta property=\"og:locale\" content=\"en_US\" \/>\n<meta property=\"og:type\" content=\"article\" \/>\n<meta property=\"og:title\" content=\"O nama - Bo\u0161nja\u010dka nacionalna zajednica Pule i Istarske \u017eupanije\" \/>\n<meta property=\"og:description\" content=\"Udruga je osnovana 2011. godine, a djeluje i radi od 2012. na podru\u010dju grada Pule i okolice. Od 2020. djelovanje se pro\u0161iruje na cijelu Istarsku \u017eupaniju, udruga od grada dobiva novi prostor na&nbsp; adresi Koparska 58, Pula i mijenja naziv u Bo\u0161nja\u010dka nacionalna zajednica Pule i Istarske \u017eupanije. Cilj udruge je uva\u017eavanje, za\u0161tita i afirmacija [&hellip;]\" \/>\n<meta property=\"og:url\" content=\"https:\/\/bnzpiz.hr\/\" \/>\n<meta property=\"og:site_name\" content=\"Bo\u0161nja\u010dka nacionalna zajednica Pule i Istarske \u017eupanije\" \/>\n<meta property=\"article:publisher\" content=\"https:\/\/www.facebook.com\/BosnjackanacionalnazajednicaPuleiIstarskezupanije\" \/>\n<meta property=\"article:modified_time\" content=\"2025-03-03T16:32:43+00:00\" \/>\n<meta property=\"og:image\" content=\"https:\/\/bnzpiz.hr\/wp-content\/uploads\/2025\/03\/logo2.2.jpg\" \/>\n\t<meta property=\"og:image:width\" content=\"500\" \/>\n\t<meta property=\"og:image:height\" content=\"500\" \/>\n\t<meta property=\"og:image:type\" content=\"image\/jpeg\" \/>\n<meta name=\"twitter:card\" content=\"summary_large_image\" \/>\n<meta name=\"twitter:label1\" content=\"Est. reading time\" \/>\n\t<meta name=\"twitter:data1\" content=\"1 minute\" \/>\n<script type=\"application\/ld+json\" class=\"yoast-schema-graph\">{\"@context\":\"https:\/\/schema.org\",\"@graph\":[{\"@type\":\"WebPage\",\"@id\":\"https:\/\/bnzpiz.hr\/\",\"url\":\"https:\/\/bnzpiz.hr\/\",\"name\":\"O nama - Bo\u0161nja\u010dka nacionalna zajednica Pule i Istarske \u017eupanije\",\"isPartOf\":{\"@id\":\"https:\/\/bnzpiz.hr\/#website\"},\"primaryImageOfPage\":{\"@id\":\"https:\/\/bnzpiz.hr\/#primaryimage\"},\"image\":{\"@id\":\"https:\/\/bnzpiz.hr\/#primaryimage\"},\"thumbnailUrl\":\"https:\/\/bnzpiz.hr\/wp-content\/uploads\/2025\/03\/logo2.2.jpg\",\"datePublished\":\"2025-02-13T16:16:41+00:00\",\"dateModified\":\"2025-03-03T16:32:43+00:00\",\"breadcrumb\":{\"@id\":\"https:\/\/bnzpiz.hr\/#breadcrumb\"},\"inLanguage\":\"en-US\",\"potentialAction\":[{\"@type\":\"ReadAction\",\"target\":[\"https:\/\/bnzpiz.hr\/\"]}]},{\"@type\":\"ImageObject\",\"inLanguage\":\"en-US\",\"@id\":\"https:\/\/bnzpiz.hr\/#primaryimage\",\"url\":\"https:\/\/bnzpiz.hr\/wp-content\/uploads\/2025\/03\/logo2.2.jpg\",\"contentUrl\":\"https:\/\/bnzpiz.hr\/wp-content\/uploads\/2025\/03\/logo2.2.jpg\",\"width\":500,\"height\":500},{\"@type\":\"BreadcrumbList\",\"@id\":\"https:\/\/bnzpiz.hr\/#breadcrumb\",\"itemListElement\":[{\"@type\":\"ListItem\",\"position\":1,\"name\":\"Home\",\"item\":\"https:\/\/bnzpiz.hr\/\"},{\"@type\":\"ListItem\",\"position\":2,\"name\":\"O nama\"}]},{\"@type\":\"WebSite\",\"@id\":\"https:\/\/bnzpiz.hr\/#website\",\"url\":\"https:\/\/bnzpiz.hr\/\",\"name\":\"Bo\u0161nja\u010dka nacionalna zajednica Pule i Istarske \u017eupanije\",\"description\":\"\",\"publisher\":{\"@id\":\"https:\/\/bnzpiz.hr\/#organization\"},\"potentialAction\":[{\"@type\":\"SearchAction\",\"target\":{\"@type\":\"EntryPoint\",\"urlTemplate\":\"https:\/\/bnzpiz.hr\/?s={search_term_string}\"},\"query-input\":{\"@type\":\"PropertyValueSpecification\",\"valueRequired\":true,\"valueName\":\"search_term_string\"}}],\"inLanguage\":\"en-US\"},{\"@type\":\"Organization\",\"@id\":\"https:\/\/bnzpiz.hr\/#organization\",\"name\":\"Bo\u0161nja\u010dka nacionalna zajednica Pule i Istarske \u017eupanije\",\"url\":\"https:\/\/bnzpiz.hr\/\",\"logo\":{\"@type\":\"ImageObject\",\"inLanguage\":\"en-US\",\"@id\":\"https:\/\/bnzpiz.hr\/#\/schema\/logo\/image\/\",\"url\":\"https:\/\/bnzpiz.hr\/wp-content\/uploads\/2025\/03\/logo2.2.jpg\",\"contentUrl\":\"https:\/\/bnzpiz.hr\/wp-content\/uploads\/2025\/03\/logo2.2.jpg\",\"width\":500,\"height\":500,\"caption\":\"Bo\u0161nja\u010dka nacionalna zajednica Pule i Istarske \u017eupanije\"},\"image\":{\"@id\":\"https:\/\/bnzpiz.hr\/#\/schema\/logo\/image\/\"},\"sameAs\":[\"https:\/\/www.facebook.com\/BosnjackanacionalnazajednicaPuleiIstarskezupanije\"]}]}<\/script>\n<!-- \/ Yoast SEO plugin. -->","yoast_head_json":{"title":"O nama - Bo\u0161nja\u010dka nacionalna zajednica Pule i Istarske \u017eupanije","robots":{"index":"index","follow":"follow","max-snippet":"max-snippet:-1","max-image-preview":"max-image-preview:large","max-video-preview":"max-video-preview:-1"},"canonical":"https:\/\/bnzpiz.hr\/","og_locale":"en_US","og_type":"article","og_title":"O nama - Bo\u0161nja\u010dka nacionalna zajednica Pule i Istarske \u017eupanije","og_description":"Udruga je osnovana 2011. godine, a djeluje i radi od 2012. na podru\u010dju grada Pule i okolice. Od 2020. djelovanje se pro\u0161iruje na cijelu Istarsku \u017eupaniju, udruga od grada dobiva novi prostor na&nbsp; adresi Koparska 58, Pula i mijenja naziv u Bo\u0161nja\u010dka nacionalna zajednica Pule i Istarske \u017eupanije. Cilj udruge je uva\u017eavanje, za\u0161tita i afirmacija [&hellip;]","og_url":"https:\/\/bnzpiz.hr\/","og_site_name":"Bo\u0161nja\u010dka nacionalna zajednica Pule i Istarske \u017eupanije","article_publisher":"https:\/\/www.facebook.com\/BosnjackanacionalnazajednicaPuleiIstarskezupanije","article_modified_time":"2025-03-03T16:32:43+00:00","og_image":[{"width":500,"height":500,"url":"https:\/\/bnzpiz.hr\/wp-content\/uploads\/2025\/03\/logo2.2.jpg","type":"image\/jpeg"}],"twitter_card":"summary_large_image","twitter_misc":{"Est. reading time":"1 minute"},"schema":{"@context":"https:\/\/schema.org","@graph":[{"@type":"WebPage","@id":"https:\/\/bnzpiz.hr\/","url":"https:\/\/bnzpiz.hr\/","name":"O nama - Bo\u0161nja\u010dka nacionalna zajednica Pule i Istarske \u017eupanije","isPartOf":{"@id":"https:\/\/bnzpiz.hr\/#website"},"primaryImageOfPage":{"@id":"https:\/\/bnzpiz.hr\/#primaryimage"},"image":{"@id":"https:\/\/bnzpiz.hr\/#primaryimage"},"thumbnailUrl":"https:\/\/bnzpiz.hr\/wp-content\/uploads\/2025\/03\/logo2.2.jpg","datePublished":"2025-02-13T16:16:41+00:00","dateModified":"2025-03-03T16:32:43+00:00","breadcrumb":{"@id":"https:\/\/bnzpiz.hr\/#breadcrumb"},"inLanguage":"en-US","potentialAction":[{"@type":"ReadAction","target":["https:\/\/bnzpiz.hr\/"]}]},{"@type":"ImageObject","inLanguage":"en-US","@id":"https:\/\/bnzpiz.hr\/#primaryimage","url":"https:\/\/bnzpiz.hr\/wp-content\/uploads\/2025\/03\/logo2.2.jpg","contentUrl":"https:\/\/bnzpiz.hr\/wp-content\/uploads\/2025\/03\/logo2.2.jpg","width":500,"height":500},{"@type":"BreadcrumbList","@id":"https:\/\/bnzpiz.hr\/#breadcrumb","itemListElement":[{"@type":"ListItem","position":1,"name":"Home","item":"https:\/\/bnzpiz.hr\/"},{"@type":"ListItem","position":2,"name":"O nama"}]},{"@type":"WebSite","@id":"https:\/\/bnzpiz.hr\/#website","url":"https:\/\/bnzpiz.hr\/","name":"Bo\u0161nja\u010dka nacionalna zajednica Pule i Istarske \u017eupanije","description":"","publisher":{"@id":"https:\/\/bnzpiz.hr\/#organization"},"potentialAction":[{"@type":"SearchAction","target":{"@type":"EntryPoint","urlTemplate":"https:\/\/bnzpiz.hr\/?s={search_term_string}"},"query-input":{"@type":"PropertyValueSpecification","valueRequired":true,"valueName":"search_term_string"}}],"inLanguage":"en-US"},{"@type":"Organization","@id":"https:\/\/bnzpiz.hr\/#organization","name":"Bo\u0161nja\u010dka nacionalna zajednica Pule i Istarske \u017eupanije","url":"https:\/\/bnzpiz.hr\/","logo":{"@type":"ImageObject","inLanguage":"en-US","@id":"https:\/\/bnzpiz.hr\/#\/schema\/logo\/image\/","url":"https:\/\/bnzpiz.hr\/wp-content\/uploads\/2025\/03\/logo2.2.jpg","contentUrl":"https:\/\/bnzpiz.hr\/wp-content\/uploads\/2025\/03\/logo2.2.jpg","width":500,"height":500,"caption":"Bo\u0161nja\u010dka nacionalna zajednica Pule i Istarske \u017eupanije"},"image":{"@id":"https:\/\/bnzpiz.hr\/#\/schema\/logo\/image\/"},"sameAs":["https:\/\/www.facebook.com\/BosnjackanacionalnazajednicaPuleiIstarskezupanije"]}]}},"_links":{"self":[{"href":"https:\/\/bnzpiz.hr\/index.php?rest_route=\/wp\/v2\/pages\/30","targetHints":{"allow":["GET"]}}],"collection":[{"href":"https:\/\/bnzpiz.hr\/index.php?rest_route=\/wp\/v2\/pages"}],"about":[{"href":"https:\/\/bnzpiz.hr\/index.php?rest_route=\/wp\/v2\/types\/page"}],"author":[{"embeddable":true,"href":"https:\/\/bnzpiz.hr\/index.php?rest_route=\/wp\/v2\/users\/1"}],"replies":[{"embeddable":true,"href":"https:\/\/bnzpiz.hr\/index.php?rest_route=%2Fwp%2Fv2%2Fcomments&post=30"}],"version-history":[{"count":7,"href":"https:\/\/bnzpiz.hr\/index.php?rest_route=\/wp\/v2\/pages\/30\/revisions"}],"predecessor-version":[{"id":101,"href":"https:\/\/bnzpiz.hr\/index.php?rest_route=\/wp\/v2\/pages\/30\/revisions\/101"}],"wp:attachment":[{"href":"https:\/\/bnzpiz.hr\/index.php?rest_route=%2Fwp%2Fv2%2Fmedia&parent=30"}],"curies":[{"name":"wp","href":"https:\/\/api.w.org\/{rel}","templated":true}]}}